 of (-2 - (-3 - -6)) + (12 - 2)?
5
Evaluate 3 - 2 - (3 + 1) - -8.
5
-4 - (4 - 9 - -5)
-4
Calculate -3 - (6 + -2) - (-2 + -1).
-4
Calculate 3 - (-3 - 0) - 6.
0
What is the value of 8 + 3 - (8 + 0)?
3
6 + -6 + 0 + (2 - 1)
1
Evaluate -1 - (6 - (0 - -2 - -1)).
-4
-5 + 1 + -12 - -12
-4
-10 - -8 - -5 - (0 - -2)
1
-3 - -2 - (-11 - -8) - -4
6
What is -5 - (12 + -5 + (-5 - 0))?
-7
Calculate 5 + (1 - -7) + -53 + 47.
7
-1 - 0 - (-30 - -31)
-2
2 - (-3 - -1 - (-7 + 1))
-2
-2 + (11 - -12 - 14)
7
What is the value of 11 + (8 + -3 - 15)?
1
Calculate -4 - ((1 - 8) + 3 - 1).
1
What is -2 - (-9 + 2) - (1 - -1)?
3
What is the value of -1 + -7 + 7 + -6?
-7
Calculate 1 + 0 - (8 - 12) - 2.
3
5 - ((18 - 2) + -3 + -5)
-3
What is the value of 2 - (3 - 2 - 1)?
2
Evaluate -23 + 19 - ((1 - 5) + -1).
1
-4 + (5 - -2) - 2
1
What is -1 + -5 - 2 - -4?
-4
What is 3 + (-7 - (5 - (3 + 6)))?
0
Calculate -4 + 8 - (0 - 0).
4
Calculate 2 - 1 - (2 - 5).
4
What is -2 - (0 + -2 + -3 - -1)?
2
What is the value of 5 + -4 - ((-3 - -6) + -1)?
-1
What is -3 + 10 + 3 - 3?
7
What is 3 + -7 + -5 - -9?
0
What is the value of -3 - (3 + 0 - (27 + -17))?
4
What is -9 + -7 + 7 + 5?
-4
Evaluate -19 - -15 - (3 + 1) - -4.
-4
Calculate -1 + -4 - (-3 - 5 - -6).
-3
What is 8 - 3 - 6 - 3?
-4
(-2 - -1) + (5 - (6 + -1))
-1
Evaluate 9 - 1 - (-6 - -9).
5
1 + (-7 - 5) - -14
3
What is 44 - 34 - (13 + -2)?
-1
What is 1 + -1 + 5 + -3 - 2?
0
Evaluate -3 - (-5 + (-2 - 7)) - 4.
7
What is the value of 0 + 0 + (2 - -3 - 2)?
3
What is the value of (-4 - (-2 + -1)) + -4?
-5
What is the value of 2 + 0 + -7 + 3?
-2
-2 + 0 + 3 + -1
0
-2 - (3 + (-1 - 2))
-2
Evaluate (7 - (-15 - -11)) + -8.
3
Calculate -4 + 1 + -1 - -5.
1
What is (3 - -2 - 4) + -1 - -6?
6
What is the value of -2 - (0 - -3) - -1?
-4
Evaluate 2 + -3 - (-2 - (1 + 3)).
5
6 + 0 + -1 + -3 - 3
-1
3 + 5 - 5 - -2
5
What is (-68 - -74) + (-4 - 0)?
2
-7 - (22 - 24 - (2 - -2))
-1
Calculate -2 - 7 - -7 - -6.
4
6 - (3 - (6 + -4))
5
3 + -2 + (2 - (4 - 0))
-1
What is 15 - 7 - (-3 + 4)?
7
What is -7 - ((-4 - -2) + 7 - 6)?
-6
What is -3 - (-6 + 0 + -5 + 3)?
5
What is the value of 9 + -4 + (-4 - -3)?
4
0 + 6 - (0 + 5) - 4
-3
Calculate (0 - (-8 + 12)) + (-1 - -1).
-4
Evaluate -9 - (-6 - 0 - 5).
2
Evaluate (1 - -4) + (-5 - 4).
-4
(1 - 10) + 9 + -11 + 6
-5
What is the value of -9 + (-12 - -7) + 9?
-5
Calculate -3 - (-4 - -3 - 4 - -3).
-1
What is the value of -11 + 4 + 0 + 3?
-4
What is the value of 14 + (-5 - 11) + 12?
10
Calculate -6 + 2 + -4 - (-19 + 12).
-1
Calculate -2 + 0 + 1 + 4 + 0.
3
What is 9 + (0 + -4 + 2 - 1)?
6
Calculate -3 - (1 - (5 - 2)).
-1
What is the value of -1 - -10 - (17 - 9)?
1
Evaluate -3 + -4 - (-40 - -25).
8
What is -1 - -6 - (-2 - (-6 - -2))?
3
Evaluate 4 + 0 - (11 - 2 - 0).
-5
Calculate 7 + (6 + 3 - 11).
5
What is the value of 1 + (2 - 5) + 5?
3
What is the value of (-8 - -4) + 3 + -1?
-2
-5 + -3 + (2 - (-3 + -1))
-2
Calculate (-1 - 2 - 3) + 4.
-2
Calculate -3 + (0 - 5 - (6 - 11)).
-3
2 - (3 + -4) - -1
4
What is 5 + (7 + -4 - 14)?
-6
10 - (9 - 8 - -5)
4
Calculate -9 + 6 + (1 - 2).
-4
What is the value of -3 + -10 - (4 - (-3 + 10))?
-10
24 + -3 + -8 - (2 + 2)
9
3 - (3 - -2) - (-7 - -2)
3
-2 + 0 + (-4 - 0)
-6
Evaluate 7 - -3 - 1 - 4.
5
Calculate 2 + (2 - (6 - 7)).
5
What is the value of (-15 - -4) + 0 - -6 - 2?
-7
What is the value of 1 - (-2 - -3 - (-2 - 1))?
-3
What is the value of (-1 + (1 - 0) - 0) + -7?
-7
What is (-13 - -7) + 0 + 6?
0
What is -16 + 8 + (-6 + 1 - -9)?
-4
What is -9 - -2 - 0 - -12 - 2?
3
Evaluate (0 - -3) + 2 + -10.
-5
What is 8 - (-9 + 13) - (0 - 1)?
5
Calculate 0 + 2 - (-6 - (-10 + 3)).
1
Calculate -7 - -2 - (-2 - -2).
-5
Evaluate (0 - -2) + (-2 - 0) + 0.
0
Evaluate (2 + -13 - -16) + -3.
2
Calculate -6 + (7 - (-6 - (-13 - -7))).
1
What is -3 + 1 + 0 + -3 + 9?
4
What is 10 + -13 - (0 + 0)?
-3
Evaluate (7 - (6 + -14)) + -10.
5
Calculate 6 - (-1 - -4 - 1).
4
Evaluate -1 + 0 - (-3 + -3 + 2).
3
Calculate 3 + -2 + 2 + 1 - 3.
1
What is (-6 + -1 - -6) + 1 + 0?
0
Evaluate -10 - (0 + 2 + 1 + -7).
-6
5 - (2 - 1 - -7)
-3
Evaluate -1 + -1 - (-2 - 2).
2
Evaluate (4 + -14 - -2) + 5.
-3
Calculate 1 + -2 - ((35 - 17) + -24).
5
What is the value of (0 - (-7 - -2)) + -1 + -4?
0
What is -31 + 34 + (4 - 3)?
4
Evaluate (-3 - 3) + 22 - 8.
8
What is the value of 3 + -4 + -2 - (2 + -5)?
0
Evaluate -2 - (-2 - (3 + (-2 - 1))).
0
Evaluate -3 + -2 + 3 - (5 - 12).
5
What is (-1 - 4) + (-9 - -13)?
-1
What is 6 + 0 + -10 + 1?
-3
Calculate (1 + -4 - 11 - -5) + 5.
-4
What is the value of 8 + (-3 - 3) + -9 + 2?
-5
What is (0 - (6 + -5)) + -1?
-2
-3 + 9 + -9 + (1 - 1)
-3
What is the value of (0 + 0 - (-5 - -7)) + 1?
-1
1 - -1 - (-4 + -5 + 8)
3
-5 - -13 - 9 - 6
-7
What is the value of -1 - (-4 + (1 - 0))?
2
Calculate -2 + (6 + -6 - 1).
-3
Evaluate (62 - 54) + (-4 - 1).
3
Evaluate (3 - 3) + 0 + -2 + -4.
-6
What is (34 - 18) + -9 - (19 - 1)?
-11
What is the value of -4 + 0 + -5 + 11?
2
Calculate 2 - (-9 - -9 - 3).
5
Calculate -1 - -7 - 7 - -4.
3
What is 3 - (21 + -9 - 6)?
-3
Evaluate -4 - -5 - -1 - -1 - 1.
2
Evaluate (4 + -4 - (1 + 2)) + 2.
-1
Calculate (0 - (-4 - -4) - 1) + 2.
1
What is the value of 4 + 2 - (22 - 15)?
-1
-3 + (1 - 8) - -9
-1
What is the value of -15 + 19 + (1 - 5)?
0
What is -2 - ((1 - 4) + 2)?
-1
5 + -5 + 12 + -17
-5
Calculate (-38 - -35) + -5 + 2.
-6
Calculate -7 - (-4 + 9 + -9 - 10).
7
0 + -5 - (-4 - (-7 - -4))
-4
What is the value of -12 + 0 - (-24 - -12)?
0
Calculate -9 + (-10 + 4 - -8).
-7
-4 + (2 - -4) - -1
3
(-2 - 1) + 7 + -7 - 1
-4
Calculate 1 + 0 + -6 + 2.
-3
What is (5 - (0 + 8)) + 5?
2
Evaluate -2 + (-4 + 11 - (14 + -1)).
-8
What is 2 - (14 + -11 - 10)?
9
Evaluate -2 + (4 - 8) + 4.
-2
Evaluate (53 - 44) + (-2 - 3).
4
What is the value of 6 + -1 - (-1 + 0 - -2)?
4
Calculate -1 + 15 - 9 - 4.
1
What is -5 + 6 + 7 - 4?
4
What is the value of -43 - -34 - (-6 + -1)?
-2
(2 + 0 - (-3 + 10)) + 5
0
(-3 - -7) + -9 + 10
5
8 + 1 + -1 + -3
5
What is the value of (2 - 2 - -3) + 1?
4
What is -1 + 3 - (-3 - 1) - 3?
3
Evaluate 3 - (3 + 3 + -7).
4
What is the value of (1 - -4 - (-57 + 65)) + -2?
-5
Evaluate 1 + -4 + 10 + -7 + -3.
-3
What is the value of 0 + (7 + -2 - (7 + -1))?
-1
Calculate (-1 - 2) + (2 - 0 - -1).
0
What is the value of 12 + 1 + -22 - (-1 - 3)?
-5
What is 1 + (2 - 1) + 0 + 1?
3
What is the value of 2 + -4 + 5 + -7?
-4
What is the value of (-12 - (-8 + -9)) + (-9 - 2)?
-6
What is 7 - 0 - ((33 - 3) + -18)?
-5
What is the value of -8 + -1 + (9 - 4)?
-4
What is 14 + -18 + (10 - 1)?
5
(3 - 9) + -6 + 8
-4
Calculate 4 - (4 + -1) - 4 - -8.
5
What is the value of (2 - (-6 + 3)) + 2 + -2?
5
-20 + 16 + (1 + -2 - 2)
-7
Evaluate (-3 - -1 - 2) + 1 + 0.
-3
Calculate 7 - (8 - -2) - (-1 - 0).
-2
What is -4 + 0 + 0 - (18 - 23)?
1
-13 - (-1 - (0 + 5))
-7
What is -93 - -89 - (-1 - 1)?
-2
9 - (0 + -4 + -1) - 7
7
What is the value of -1 - -7 - (-26 + 28)?
4
-2 - (-4 + -5 + 3)
4
1 - (8 + (-1 - 3))
-3
Calculate (2 - 8) + 2 - -2.
-2
Calculate -4 + 7 + -7 + 10 + -1.
5
Calculate 11 + (-6 - 2 - -5).
8
Calculate -2 - -1 - -4 - (-8 - -17).
-6
-3 - -1 - (20 - 24)
2
Calculate -6 + 4 + (3 - (3 - 5)).
3
What is the value of 1 - -3 - (-7 - 2 - -13)?
0
1 + (-12 - (-5 - -1))
-7
4 + 8 + -4 - (0 + 3)
5
Evaluate (-21 - -18) + (3 - 3).
-3
-16 + 1 + 8 + 3
-4
(-2 - (7 - 4)) + 8
3
0 + -4 - (4 - 5) - -2
-1
What is the value of (1 + 6 - 10) + 1 + 5?
3
8 + -11 + (-4 + 8 - 1)
0
What is the value of -6 - -5 - -8 - 10?
-3
What is the value of (-18 - -9) + (-5 - -9)?
-5
(8 - 9) + 9 + -8
0
Evaluate -1 - (-1 - (5 - (6 + -3))).
2
2 + -6 + 4 - -1
1
0 + -10 + (-1 - -3) - -3
-5
What is the value of 10 + -16 - -9 - (5 + 1)?
-3
What is -3 - (-8 + 6) - 3?
-4
6 - (5 - (-4 + -4))
-7
(3 - 6) + -6 - (-1 - 7)
-1
What is 8 + -10 + -1 + -1?
-4
Evaluate (10 - (14 + -8)) + -14.
-10
Calculate 6 + (2 - 6) - 7.
-5
What is 24 - (14 + -13 + 13)?
10
-2 + 6 + -8 + 1
-3
Calculate (2 - (1 - -1)) + 2 + 1.
3
What is the value of -2 - (-4 + -6 - -10)?
-2
Calculate -8 + -1 - (-10 - -6).
-5
Calculate 3 + (-4 - -1 - 0).
0
What is -1 - -1 - (5 + -7 + 1)?
1
What is (6 - (6 - -4)) + 9?
5
Calculate (0 - 1) + (16 - 14) - 4.
-3
Evaluate (5 + -7 - -1) + -1 + -2.
-4
What is -10 + 18 - 16 - -13?
5
Calculate 4 - (-3 + 10) - -3 - 1.
-1
What is 3 - 4 - (7 + -3 - -1)?
-6
What is the value of -5 + 0 + 3 - (0 - -2)?
-4
Calculate -8 - (4